of 19629071?
9
What is the hundred millions digit of 2475505916?
4
What is the hundred thousands digit of 65648280?
6
What is the units digit of 594656207?
7
What is the ten thousands digit of 263485428?
8
What is the hundred thousands digit of 26990470?
9
What is the thousands digit of 6529398553?
8
What is the units digit of 615241289?
9
What is the tens digit of 351479236?
3
What is the ten millions digit of 134321049?
3
What is the tens digit of 50480443?
4
What is the ten thousands digit of 120707341?
0
What is the tens digit of 46118226?
2
What is the ten thousands digit of 2886562822?
6
What is the ten thousands digit of 2238452569?
5
What is the ten thousands digit of 46816008?
1
What is the billions digit of 5786869383?
5
What is the units digit of 5244365855?
5
What is the units digit of 2098908046?
6
What is the ten millions digit of 66100936?
6
What is the billions digit of 1136624095?
1
What is the hundreds digit of 290029493?
4
What is the hundred thousands digit of 2419793109?
7
What is the units digit of 198737948?
8
What is the hundred thousands digit of 27587217?
5
What is the ten thousands digit of 398825460?
2
What is the hundreds digit of 21942972?
9
What is the ten millions digit of 134615455?
3
What is the hundred millions digit of 794969620?
7
What is the thousands digit of 83116299?
6
What is the ten millions digit of 62712963?
6
What is the units digit of 1202783609?
9
What is the ten thousands digit of 36636566?
3
What is the hundred thousands digit of 2048996588?
9
What is the ten thousands digit of 8304940?
0
What is the tens digit of 18268657?
5
What is the tens digit of 488752182?
8
What is the millions digit of 37453720?
7
What is the hundred millions digit of 252328644?
2
What is the units digit of 10348627?
7
What is the millions digit of 462714118?
2
What is the units digit of 43661042?
2
What is the tens digit of 25255670?
7
What is the tens digit of 26201908?
0
What is the millions digit of 1717484560?
7
What is the tens digit of 448287368?
6
What is the hundreds digit of 9118428?
4
What is the hundreds digit of 84432993?
9
What is the hundred millions digit of 1099183357?
0
What is the tens digit of 346485790?
9
What is the units digit of 50381168?
8
What is the thousands digit of 511486209?
6
What is the ten millions digit of 75496773?
7
What is the ten thousands digit of 154837740?
3
What is the units digit of 140028331?
1
What is the units digit of 19090563?
3
What is the ten millions digit of 379095823?
7
What is the millions digit of 21668626?
1
What is the hundred thousands digit of 105040933?
0
What is the hundreds digit of 4100039802?
8
What is the units digit of 1292132285?
5
What is the millions digit of 393357097?
3
What is the hundreds digit of 708205852?
8
What is the hundreds digit of 66320337?
3
What is the thousands digit of 1038883611?
3
What is the units digit of 3916265?
5
What is the ten thousands digit of 670521811?
2
What is the units digit of 38684486?
6
What is the hundred thousands digit of 1754626889?
6
What is the tens digit of 406819166?
6
What is the millions digit of 137145238?
7
What is the hundreds digit of 1104545315?
3
What is the hundreds digit of 1475208737?
7
What is the ten thousands digit of 50216717?
1
What is the ten thousands digit of 397991595?
9
What is the ten thousands digit of 38663117?
6
What is the ten millions digit of 907272401?
0
What is the hundreds digit of 1788035611?
6
What is the tens digit of 419228220?
2
What is the units digit of 415042846?
6
What is the units digit of 25695360?
0
What is the hundred millions digit of 2400454752?
4
What is the hundreds digit of 51441982?
9
What is the hundreds digit of 717742981?
9
What is the units digit of 15031197?
7
What is the hundreds digit of 3155082628?
6
What is the ten thousands digit of 934254397?
5
What is the ten thousands digit of 4233695767?
9
What is the units digit of 6441726033?
3
What is the hundred thousands digit of 1539841536?
8
What is the hundred thousands digit of 121892603?
8
What is the tens digit of 47327145?
4
What is the tens digit of 96753917?
1
What is the ten millions digit of 380395427?
8
What is the hundreds digit of 777379060?
0
What is the hundreds digit of 40858654?
6
What is the thousands digit of 49886339?
6
What is the tens digit of 4359633?
3
What is the billions digit of 1041436376?
1
What is the hundred thousands digit of 24141151?
1
What is the thousands digit of 51908487?
8
What is the tens digit of 77882504?
0
What is the millions digit of 2130795846?
0
What is the units digit of 7062851832?
2
What is the millions digit of 5374512?
5
What is the ten millions digit of 3038025483?
3
What is the hundred thousands digit of 4160937511?
9
What is the hundred millions digit of 197964063?
1
What is the ten millions digit of 2176513841?
7
What is the tens digit of 411977872?
7
What is the ten thousands digit of 249429488?
2
What is the millions digit of 48741055?
8
What is the ten millions digit of 4083346631?
8
What is the thousands digit of 670490316?
0
What is the thousands digit of 774455424?
5
What is the thousands digit of 504448433?
8
What is the tens digit of 244617893?
9
What is the ten thousands digit of 817513425?
1
What is the hundreds digit of 160611032?
0
What is the hundreds digit of 1013530640?
6
What is the billions digit of 2101285427?
2
What is the hundred thousands digit of 38335758?
3
What is the ten thousands digit of 897292708?
9
What is the ten millions digit of 74858620?
7
What is the thousands digit of 442732720?
2
What is the millions digit of 64235341?
4
What is the tens digit of 611968905?
0
What is the units digit of 1572731845?
5
What is the units digit of 3982920671?
1
What is the units digit of 2784808204?
4
What is the millions digit of 195829926?
5
What is the thousands digit of 196953770?
3
What is the tens digit of 47531263?
6
What is the ten thousands digit of 510188667?
8
What is the ten thousands digit of 551142463?
4
What is the hundred millions digit of 153033895?
1
What is the hundred millions digit of 153027825?
1
What is the hundred thousands digit of 2856225971?
2
What is the ten thousands digit of 43565836?
6
What is the hundred thousands digit of 121083736?
0
What is the units digit of 6508937?
7
What is the ten millions digit of 1543809663?
4
What is the ten thousands digit of 57718031?
1
What is the millions digit of 454318380?
4
What is the ten thousands digit of 1011213149?
1
What is the ten millions digit of 241463216?
4
What is the thousands digit of 926711601?
1
What is the ten millions digit of 235673242?
3
What is the tens digit of 32969023?
2
What is the hundreds digit of 615653011?
0
What is the units digit of 839798152?
2
What is the units digit of 58143280?
0
What is the tens digit of 47045728?
2
What is the ten millions digit of 68862649?
6
What is the ten thousands digit of 77991532?
9
What is the millions digit of 1572691960?
2
What is the ten millions digit of 179464098?
7
What is the millions digit of 196643286?
6
What is the hundred millions digit of 308457202?
3
What is the hundred thousands digit of 623845636?
8
What is the thousands digit of 27118450?
8
What is the hundred thousands digit of 1029800979?
8
What is the units digit of 40048?
8
What is the hundred thousands digit of 14523955?
5
What is the ten thousands digit of 2752645750?
4
What is the units digit of 3925804961?
1
What is the hundred millions digit of 7023050138?
0
What is the units digit of 59738467?
7
What is the thousands digit of 23065369?
5
What is the units digit of 82613026?
6
What is the thousands digit of 24180852?
0
What is the hundred thousands digit of 1228772861?
7
What is the ten millions digit of 4859020142?
5
What is the units digit of 41077272?
2
What is the tens digit of 6325935?
3
What is the ten thousands digit of 344800762?
0
What is the hundreds digit of 54104179?
1
What is the ten millions digit of 63434947?
6
What is the millions digit of 378268182?
8
What is the millions digit of 3270078466?
0
What is the hundreds digit of 101263789?
7
What is the hundred thousands digit of 444086701?
0
What is the hundreds digit of 144715686?
6
What is the thousands digit of 920826012?
6
What is the ten thousands digit of 8033504